{"id":10436,"date":"2023-10-23T18:10:47","date_gmt":"2023-10-23T18:10:47","guid":{"rendered":"https:\/\/celsonido123.com\/?post_type=product&#038;p=10436"},"modified":"2026-03-11T14:23:32","modified_gmt":"2026-03-11T14:23:32","slug":"cepillo-de-aire-remington-we2style","status":"publish","type":"product","link":"https:\/\/celsonido123.com\/index.php\/product\/cepillo-de-aire-remington-we2style\/","title":{"rendered":"Cepillo de Aire Remington We2style"},"content":{"rendered":"<div class=\"characteristics-container\">\n<div class=\"bullets-product\">\n<ul id=\"nav\">\n<li>Seca y estiliza<\/li>\n<li>Uso h\u00famedo o seco<\/li>\n<li>Estilos m\u00e1s r\u00e1pidos<\/li>\n<\/ul>\n<\/div>\n<\/div>\n<div class=\"woocommerce-product-details__short-description\">\n<p>Ahora hay una manera segura estilizar tu cabello h\u00famedo con el cepillo de aire caliente Wet2Style. Este cepillo cuenta con un barril con ventilaci\u00f3n, recubierto con cer\u00e1mica y microacondicionadores antifrizz, que combina un poderoso flujo de aire con calor optimizado para secar y estilizar en un solo paso.<\/p>\n<\/div>\n","protected":false},"excerpt":{"rendered":"<p>Seca y estiliza Uso h\u00famedo o seco Estilos m\u00e1s r\u00e1pidos Ahora hay una manera segura estilizar tu cabello h\u00famedo con<\/p>\n","protected":false},"featured_media":10437,"comment_status":"open","ping_status":"closed","template":"","meta":[],"product_cat":[165],"product_tag":[],"_links":{"self":[{"href":"https:\/\/celsonido123.com\/index.php\/wp-json\/wp\/v2\/product\/10436"}],"collection":[{"href":"https:\/\/celsonido123.com\/index.php\/wp-json\/wp\/v2\/product"}],"about":[{"href":"https:\/\/celsonido123.com\/index.php\/wp-json\/wp\/v2\/types\/product"}],"replies":[{"embeddable":true,"href":"https:\/\/celsonido123.com\/index.php\/wp-json\/wp\/v2\/comments?post=10436"}],"version-history":[{"count":1,"href":"https:\/\/celsonido123.com\/index.php\/wp-json\/wp\/v2\/product\/10436\/revisions"}],"predecessor-version":[{"id":10438,"href":"https:\/\/celsonido123.com\/index.php\/wp-json\/wp\/v2\/product\/10436\/revisions\/10438"}],"wp:featuredmedia":[{"embeddable":true,"href":"https:\/\/celsonido123.com\/index.php\/wp-json\/wp\/v2\/media\/10437"}],"wp:attachment":[{"href":"https:\/\/celsonido123.com\/index.php\/wp-json\/wp\/v2\/media?parent=10436"}],"wp:term":[{"taxonomy":"product_cat","embeddable":true,"href":"https:\/\/celsonido123.com\/index.php\/wp-json\/wp\/v2\/product_cat?post=10436"},{"taxonomy":"product_tag","embeddable":true,"href":"https:\/\/celsonido123.com\/index.php\/wp-json\/wp\/v2\/product_tag?post=10436"}],"curies":[{"name":"wp","href":"https:\/\/api.w.org\/{rel}","templated":true}]}}