{"id":10509,"date":"2023-10-23T20:35:38","date_gmt":"2023-10-23T20:35:38","guid":{"rendered":"https:\/\/celsonido123.com\/?post_type=product&#038;p=10509"},"modified":"2026-03-11T14:26:25","modified_gmt":"2026-03-11T14:26:25","slug":"echodot-5-con-pantalla","status":"publish","type":"product","link":"https:\/\/celsonido123.com\/index.php\/product\/echodot-5-con-pantalla\/","title":{"rendered":"EchoShow 5 Con Pantalla"},"content":{"rendered":"<p>El Echo Show 5 se conecta a Alexa para ofrecerte im\u00e1genes de calidad en la pantalla de 5,5 pulgadas y un sonido envolvente: todo ello en un dise\u00f1o compacto que resulta ideal para cualquier estancia y hogar. Sigue la letra de las canciones en la pantalla con Amazon Music. Configura alarmas y temporizadores. Ent\u00e9rate de las \u00faltimas noticias y ve tr\u00e1ileres de pel\u00edculas. Consulta el tiempo y el tr\u00e1fico antes de salir.<\/p>\n","protected":false},"excerpt":{"rendered":"<p>El Echo Show 5 se conecta a Alexa para ofrecerte im\u00e1genes de calidad en la pantalla de 5,5 pulgadas y<\/p>\n","protected":false},"featured_media":10510,"comment_status":"open","ping_status":"closed","template":"","meta":[],"product_cat":[154],"product_tag":[],"_links":{"self":[{"href":"https:\/\/celsonido123.com\/index.php\/wp-json\/wp\/v2\/product\/10509"}],"collection":[{"href":"https:\/\/celsonido123.com\/index.php\/wp-json\/wp\/v2\/product"}],"about":[{"href":"https:\/\/celsonido123.com\/index.php\/wp-json\/wp\/v2\/types\/product"}],"replies":[{"embeddable":true,"href":"https:\/\/celsonido123.com\/index.php\/wp-json\/wp\/v2\/comments?post=10509"}],"version-history":[{"count":2,"href":"https:\/\/celsonido123.com\/index.php\/wp-json\/wp\/v2\/product\/10509\/revisions"}],"predecessor-version":[{"id":11959,"href":"https:\/\/celsonido123.com\/index.php\/wp-json\/wp\/v2\/product\/10509\/revisions\/11959"}],"wp:featuredmedia":[{"embeddable":true,"href":"https:\/\/celsonido123.com\/index.php\/wp-json\/wp\/v2\/media\/10510"}],"wp:attachment":[{"href":"https:\/\/celsonido123.com\/index.php\/wp-json\/wp\/v2\/media?parent=10509"}],"wp:term":[{"taxonomy":"product_cat","embeddable":true,"href":"https:\/\/celsonido123.com\/index.php\/wp-json\/wp\/v2\/product_cat?post=10509"},{"taxonomy":"product_tag","embeddable":true,"href":"https:\/\/celsonido123.com\/index.php\/wp-json\/wp\/v2\/product_tag?post=10509"}],"curies":[{"name":"wp","href":"https:\/\/api.w.org\/{rel}","templated":true}]}}