{"id":10696,"date":"2023-11-02T15:57:56","date_gmt":"2023-11-02T15:57:56","guid":{"rendered":"https:\/\/celsonido123.com\/?post_type=product&#038;p=10696"},"modified":"2026-03-11T14:27:27","modified_gmt":"2026-03-11T14:27:27","slug":"audifonos-airpods","status":"publish","type":"product","link":"https:\/\/celsonido123.com\/index.php\/product\/audifonos-airpods\/","title":{"rendered":"Airpods Serie 3"},"content":{"rendered":"<p>Los AirPods no pesan nada y tienen un ajuste anat\u00f3mico. Quedan en el \u00e1ngulo perfecto para darte mayor comodidad y llevar el sonido directo a tus o\u00eddos. El sonido te llega por todos lados. Vive una experiencia envolvente cuando escuches m\u00fasica o veas una pel\u00edcula o una serie.<\/p>\n","protected":false},"excerpt":{"rendered":"<p>Los AirPods no pesan nada y tienen un ajuste anat\u00f3mico. Quedan en el \u00e1ngulo perfecto para darte mayor comodidad y<\/p>\n","protected":false},"featured_media":11902,"comment_status":"open","ping_status":"closed","template":"","meta":[],"product_cat":[83],"product_tag":[],"_links":{"self":[{"href":"https:\/\/celsonido123.com\/index.php\/wp-json\/wp\/v2\/product\/10696"}],"collection":[{"href":"https:\/\/celsonido123.com\/index.php\/wp-json\/wp\/v2\/product"}],"about":[{"href":"https:\/\/celsonido123.com\/index.php\/wp-json\/wp\/v2\/types\/product"}],"replies":[{"embeddable":true,"href":"https:\/\/celsonido123.com\/index.php\/wp-json\/wp\/v2\/comments?post=10696"}],"version-history":[{"count":4,"href":"https:\/\/celsonido123.com\/index.php\/wp-json\/wp\/v2\/product\/10696\/revisions"}],"predecessor-version":[{"id":11905,"href":"https:\/\/celsonido123.com\/index.php\/wp-json\/wp\/v2\/product\/10696\/revisions\/11905"}],"wp:featuredmedia":[{"embeddable":true,"href":"https:\/\/celsonido123.com\/index.php\/wp-json\/wp\/v2\/media\/11902"}],"wp:attachment":[{"href":"https:\/\/celsonido123.com\/index.php\/wp-json\/wp\/v2\/media?parent=10696"}],"wp:term":[{"taxonomy":"product_cat","embeddable":true,"href":"https:\/\/celsonido123.com\/index.php\/wp-json\/wp\/v2\/product_cat?post=10696"},{"taxonomy":"product_tag","embeddable":true,"href":"https:\/\/celsonido123.com\/index.php\/wp-json\/wp\/v2\/product_tag?post=10696"}],"curies":[{"name":"wp","href":"https:\/\/api.w.org\/{rel}","templated":true}]}}