{"id":10952,"date":"2024-06-18T16:19:30","date_gmt":"2024-06-18T16:19:30","guid":{"rendered":"https:\/\/celsonido123.com\/?post_type=product&#038;p=10952"},"modified":"2026-03-11T14:29:58","modified_gmt":"2026-03-11T14:29:58","slug":"maquina-depiladora-afeitadora-vgr-722","status":"publish","type":"product","link":"https:\/\/celsonido123.com\/index.php\/product\/maquina-depiladora-afeitadora-vgr-722\/","title":{"rendered":"Maquina Depiladora Afeitadora Vgr-722"},"content":{"rendered":"<p>Depiladora recargable para mujer, tener una Depiladora el\u00e9ctrica en su hogar es tan importante como otros tipos de suministros cotidianos es una Depiladora el\u00e9ctrica especialmente creado para mujeres, que tu como mujer no puede prescindir. Ahora no es necesario ir al sal\u00f3n de \u00e9lite en todos los d\u00edas para lucir espl\u00e9ndida.<\/p>\n<p>1 x Maquina Depiladora<br \/>\n2 x Cabezales<br \/>\n1 x Manual<br \/>\n1 x Cable Carga<br \/>\n1 x Cepillo Limpieza<\/p>\n","protected":false},"excerpt":{"rendered":"<p>Depiladora recargable para mujer, tener una Depiladora el\u00e9ctrica en su hogar es tan importante como otros tipos de suministros cotidianos<\/p>\n","protected":false},"featured_media":10953,"comment_status":"open","ping_status":"closed","template":"","meta":[],"product_cat":[165],"product_tag":[],"_links":{"self":[{"href":"https:\/\/celsonido123.com\/index.php\/wp-json\/wp\/v2\/product\/10952"}],"collection":[{"href":"https:\/\/celsonido123.com\/index.php\/wp-json\/wp\/v2\/product"}],"about":[{"href":"https:\/\/celsonido123.com\/index.php\/wp-json\/wp\/v2\/types\/product"}],"replies":[{"embeddable":true,"href":"https:\/\/celsonido123.com\/index.php\/wp-json\/wp\/v2\/comments?post=10952"}],"version-history":[{"count":2,"href":"https:\/\/celsonido123.com\/index.php\/wp-json\/wp\/v2\/product\/10952\/revisions"}],"predecessor-version":[{"id":10955,"href":"https:\/\/celsonido123.com\/index.php\/wp-json\/wp\/v2\/product\/10952\/revisions\/10955"}],"wp:featuredmedia":[{"embeddable":true,"href":"https:\/\/celsonido123.com\/index.php\/wp-json\/wp\/v2\/media\/10953"}],"wp:attachment":[{"href":"https:\/\/celsonido123.com\/index.php\/wp-json\/wp\/v2\/media?parent=10952"}],"wp:term":[{"taxonomy":"product_cat","embeddable":true,"href":"https:\/\/celsonido123.com\/index.php\/wp-json\/wp\/v2\/product_cat?post=10952"},{"taxonomy":"product_tag","embeddable":true,"href":"https:\/\/celsonido123.com\/index.php\/wp-json\/wp\/v2\/product_tag?post=10952"}],"curies":[{"name":"wp","href":"https:\/\/api.w.org\/{rel}","templated":true}]}}