{"id":11259,"date":"2025-04-21T19:17:15","date_gmt":"2025-04-21T19:17:15","guid":{"rendered":"https:\/\/celsonido123.com\/?post_type=product&#038;p=11259"},"modified":"2025-04-21T23:00:34","modified_gmt":"2025-04-21T23:00:34","slug":"tecno-camon-30s-8ram-256gb","status":"publish","type":"product","link":"https:\/\/celsonido123.com\/index.php\/product\/tecno-camon-30s-8ram-256gb\/","title":{"rendered":"Tecno Camon 30S 8ram\/256gb"},"content":{"rendered":"<p><b>CARACTER\u00cdSTICAS PRINCIPALES:<\/b><\/p>\n<p>&#8211; Equipo totalmente nuevo en caja cerrada.<\/p>\n<p>&#8211; Libre de f\u00e1brica para cualquier compa\u00f1\u00eda.<\/p>\n<p>&#8211; Procesador Mediatek Helio G100 2,2 GHz<\/p>\n<p>&#8211; Lector de huellas<\/p>\n<p>&#8211; Pantalla: 6.78\u201d t\u00e1ctil<\/p>\n<p>&#8211; Pantalla AMOLED FDH+<\/p>\n<p>&#8211; Resoluci\u00f3n: 1080*2436 pixels<\/p>\n<p>&#8211; Pantalla con tasa de refresco a 120Hz<\/p>\n<p>&#8211; Memoria Interna de 256GB<\/p>\n<p>&#8211; Memoria RAM de 8 GB (+8GB Extended)<\/p>\n<p>&#8211; C\u00e1mara Trasera Doble: 50 MP + 2 MP<\/p>\n<p>-Sensor ultrasensible SONY IMX896<\/p>\n<p>&#8211; C\u00e1mara Frontal : 13 MP<\/p>\n<p>&#8211; Puerto carga Tipo C<\/p>\n<p>&#8211; Sistema operativo: Android\u2122 14<\/p>\n<p>&#8211; Carga Super r\u00e1pida 33W<\/p>\n<p>&#8211; Dual SIM<\/p>\n<p>&#8211; WIFI<\/p>\n<p>&#8211; Bluetooth 5.2<\/p>\n<p>&#8211; Altavoces duales<\/p>\n<p>&#8211; Bater\u00eda integrada de 5000 mAh<\/p>\n","protected":false},"excerpt":{"rendered":"<p>CARACTER\u00cdSTICAS PRINCIPALES: &#8211; Equipo totalmente nuevo en caja cerrada. &#8211; Libre de f\u00e1brica para cualquier compa\u00f1\u00eda. &#8211; Procesador Mediatek Helio<\/p>\n","protected":false},"featured_media":11260,"comment_status":"open","ping_status":"closed","template":"","meta":[],"product_cat":[163],"product_tag":[],"_links":{"self":[{"href":"https:\/\/celsonido123.com\/index.php\/wp-json\/wp\/v2\/product\/11259"}],"collection":[{"href":"https:\/\/celsonido123.com\/index.php\/wp-json\/wp\/v2\/product"}],"about":[{"href":"https:\/\/celsonido123.com\/index.php\/wp-json\/wp\/v2\/types\/product"}],"replies":[{"embeddable":true,"href":"https:\/\/celsonido123.com\/index.php\/wp-json\/wp\/v2\/comments?post=11259"}],"version-history":[{"count":2,"href":"https:\/\/celsonido123.com\/index.php\/wp-json\/wp\/v2\/product\/11259\/revisions"}],"predecessor-version":[{"id":11434,"href":"https:\/\/celsonido123.com\/index.php\/wp-json\/wp\/v2\/product\/11259\/revisions\/11434"}],"wp:featuredmedia":[{"embeddable":true,"href":"https:\/\/celsonido123.com\/index.php\/wp-json\/wp\/v2\/media\/11260"}],"wp:attachment":[{"href":"https:\/\/celsonido123.com\/index.php\/wp-json\/wp\/v2\/media?parent=11259"}],"wp:term":[{"taxonomy":"product_cat","embeddable":true,"href":"https:\/\/celsonido123.com\/index.php\/wp-json\/wp\/v2\/product_cat?post=11259"},{"taxonomy":"product_tag","embeddable":true,"href":"https:\/\/celsonido123.com\/index.php\/wp-json\/wp\/v2\/product_tag?post=11259"}],"curies":[{"name":"wp","href":"https:\/\/api.w.org\/{rel}","templated":true}]}}