{"id":11614,"date":"2025-05-21T15:18:45","date_gmt":"2025-05-21T15:18:45","guid":{"rendered":"https:\/\/celsonido123.com\/?post_type=product&#038;p=11614"},"modified":"2025-05-21T15:18:45","modified_gmt":"2025-05-21T15:18:45","slug":"shaver-vgr-332-dorada","status":"publish","type":"product","link":"https:\/\/celsonido123.com\/index.php\/product\/shaver-vgr-332-dorada\/","title":{"rendered":"Shaver Vgr-332 Dorada"},"content":{"rendered":"<p>Esta espectacular m\u00e1quina se puede utilizar en el ba\u00f1o, las cuchillas son lavables.<br \/>\nAfeitado en seco o h\u00famedo, puede usarlo con crema de afeitar-<\/p>\n<p>Voltaje de 100-240v, dise\u00f1o de bater\u00eda de litio recargable. Funcionamiento al\u00e1mbrico e inal\u00e1mbrico.<\/p>\n<p>~ CARACTERISTICAS<\/p>\n<p>\u2022 Sistema de afeitado inteligente 3D, afeitado r\u00e1pido<br \/>\n\u2022 2 horas de carga r\u00e1pida y segura, 150 minutos de tiempo de trabajo.<br \/>\n\u2022 Tecnolog\u00eda de molienda autom\u00e1tica, cuanto m\u00e1s usamos la hoja m\u00e1s afilada<br \/>\n\u2022 100% original, nuevo 100%<br \/>\n\u2022 cargador USB<\/p>\n","protected":false},"excerpt":{"rendered":"<p>Esta espectacular m\u00e1quina se puede utilizar en el ba\u00f1o, las cuchillas son lavables. Afeitado en seco o h\u00famedo, puede usarlo<\/p>\n","protected":false},"featured_media":11615,"comment_status":"open","ping_status":"closed","template":"","meta":[],"product_cat":[165],"product_tag":[],"_links":{"self":[{"href":"https:\/\/celsonido123.com\/index.php\/wp-json\/wp\/v2\/product\/11614"}],"collection":[{"href":"https:\/\/celsonido123.com\/index.php\/wp-json\/wp\/v2\/product"}],"about":[{"href":"https:\/\/celsonido123.com\/index.php\/wp-json\/wp\/v2\/types\/product"}],"replies":[{"embeddable":true,"href":"https:\/\/celsonido123.com\/index.php\/wp-json\/wp\/v2\/comments?post=11614"}],"version-history":[{"count":1,"href":"https:\/\/celsonido123.com\/index.php\/wp-json\/wp\/v2\/product\/11614\/revisions"}],"predecessor-version":[{"id":11616,"href":"https:\/\/celsonido123.com\/index.php\/wp-json\/wp\/v2\/product\/11614\/revisions\/11616"}],"wp:featuredmedia":[{"embeddable":true,"href":"https:\/\/celsonido123.com\/index.php\/wp-json\/wp\/v2\/media\/11615"}],"wp:attachment":[{"href":"https:\/\/celsonido123.com\/index.php\/wp-json\/wp\/v2\/media?parent=11614"}],"wp:term":[{"taxonomy":"product_cat","embeddable":true,"href":"https:\/\/celsonido123.com\/index.php\/wp-json\/wp\/v2\/product_cat?post=11614"},{"taxonomy":"product_tag","embeddable":true,"href":"https:\/\/celsonido123.com\/index.php\/wp-json\/wp\/v2\/product_tag?post=11614"}],"curies":[{"name":"wp","href":"https:\/\/api.w.org\/{rel}","templated":true}]}}