{"id":11724,"date":"2025-05-22T15:29:19","date_gmt":"2025-05-22T15:29:19","guid":{"rendered":"https:\/\/celsonido123.com\/?post_type=product&#038;p=11724"},"modified":"2025-05-22T15:29:19","modified_gmt":"2025-05-22T15:29:19","slug":"plancha-de-ropa-black-and-decker","status":"publish","type":"product","link":"https:\/\/celsonido123.com\/index.php\/product\/plancha-de-ropa-black-and-decker\/","title":{"rendered":"Plancha de Ropa Black And Decker"},"content":{"rendered":"<div class=\"new-container__about__container\">\n<div class=\"new-container__titles\">\n<h2 class=\"js-subtitle-pdp\">Caracter\u00edsticas destacadas<\/h2>\n<\/div>\n<ul class=\"tab-details__keyFeatures--list\">\n<li class=\"tab-details__keyFeatures--item\">Ajuste de temperatura ideal para tu ropa<\/li>\n<li class=\"tab-details__keyFeatures--item\">Vapor Continuo para la r\u00e1pida eliminaci\u00f3n de arrugas<\/li>\n<li class=\"tab-details__keyFeatures--item\">Golpe de Vapor y Roc\u00edo Fino para arrugas dif\u00edciles<\/li>\n<li class=\"tab-details__keyFeatures--item\">Bot\u00f3n de limpieza autom\u00e1tica para tanque sin sarro<\/li>\n<li class=\"tab-details__keyFeatures--item\">Tanque de agua extra grande de 250 ml<\/li>\n<\/ul>\n<\/div>\n<div class=\"new-container__about__container\">\n<div class=\"new-container__titles\">\n<h2 class=\"js-subtitle-pdp new-container__titles\"><span style=\"color: #333333; font-size: 16px;\">Descubre lo f\u00e1cil que es planchar en pocas pasadas con las Plancha TrueGlide Colors de BLACK+DECKER\u00ae. Cuenta con Suela Antiadherente f\u00e1cil de deslizar, haciendo que la plancha se sienta ligera. Su vapor continuo ayuda a eliminar arrugas r\u00e1pidamente y el golpe de vapor es ideal para ropa dif\u00edcil de planchar. Es 2 veces m\u00e1s durable para todos tipos de planchados. Tiene un tanque de agua transparente que es extra grande de 250ml y cuenta con funci\u00f3n de AutoClean<\/span><\/h2>\n<\/div>\n<\/div>\n","protected":false},"excerpt":{"rendered":"<p>Caracter\u00edsticas destacadas Ajuste de temperatura ideal para tu ropa Vapor Continuo para la r\u00e1pida eliminaci\u00f3n de arrugas Golpe de Vapor<\/p>\n","protected":false},"featured_media":11725,"comment_status":"open","ping_status":"closed","template":"","meta":[],"product_cat":[167],"product_tag":[],"_links":{"self":[{"href":"https:\/\/celsonido123.com\/index.php\/wp-json\/wp\/v2\/product\/11724"}],"collection":[{"href":"https:\/\/celsonido123.com\/index.php\/wp-json\/wp\/v2\/product"}],"about":[{"href":"https:\/\/celsonido123.com\/index.php\/wp-json\/wp\/v2\/types\/product"}],"replies":[{"embeddable":true,"href":"https:\/\/celsonido123.com\/index.php\/wp-json\/wp\/v2\/comments?post=11724"}],"version-history":[{"count":1,"href":"https:\/\/celsonido123.com\/index.php\/wp-json\/wp\/v2\/product\/11724\/revisions"}],"predecessor-version":[{"id":11726,"href":"https:\/\/celsonido123.com\/index.php\/wp-json\/wp\/v2\/product\/11724\/revisions\/11726"}],"wp:featuredmedia":[{"embeddable":true,"href":"https:\/\/celsonido123.com\/index.php\/wp-json\/wp\/v2\/media\/11725"}],"wp:attachment":[{"href":"https:\/\/celsonido123.com\/index.php\/wp-json\/wp\/v2\/media?parent=11724"}],"wp:term":[{"taxonomy":"product_cat","embeddable":true,"href":"https:\/\/celsonido123.com\/index.php\/wp-json\/wp\/v2\/product_cat?post=11724"},{"taxonomy":"product_tag","embeddable":true,"href":"https:\/\/celsonido123.com\/index.php\/wp-json\/wp\/v2\/product_tag?post=11724"}],"curies":[{"name":"wp","href":"https:\/\/api.w.org\/{rel}","templated":true}]}}