{"id":11730,"date":"2025-05-22T15:36:36","date_gmt":"2025-05-22T15:36:36","guid":{"rendered":"https:\/\/celsonido123.com\/?post_type=product&#038;p=11730"},"modified":"2025-05-22T15:36:36","modified_gmt":"2025-05-22T15:36:36","slug":"ventilador-torre-universal","status":"publish","type":"product","link":"https:\/\/celsonido123.com\/index.php\/product\/ventilador-torre-universal\/","title":{"rendered":"Ventilador Torre Universal"},"content":{"rendered":"<p>Mant\u00e9n tus espacios frescos y a la temperatura perfecta con el\u00a0<strong>ventilador de torre Universal con control remoto 3 velocidades negro 32.3 pulgadas<\/strong>, garantizando una potente funci\u00f3n hasta en los d\u00edas m\u00e1s calurosos.<\/p>\n<ul>\n<li>Fabricado en pl\u00e1stico ABS.<\/li>\n<li>Potencia del motor: 50 W.<\/li>\n<li>Voltaje de alimentaci\u00f3n: 110 &#8211; 120 Vac.<\/li>\n<li>Frecuencia de operaci\u00f3n: 60 Hz.<\/li>\n<li>Garant\u00eda: 2 a\u00f1os por defectos de f\u00e1brica y\/o materiales.<\/li>\n<\/ul>\n","protected":false},"excerpt":{"rendered":"<p>Mant\u00e9n tus espacios frescos y a la temperatura perfecta con el\u00a0ventilador de torre Universal con control remoto 3 velocidades negro<\/p>\n","protected":false},"featured_media":11731,"comment_status":"open","ping_status":"closed","template":"","meta":[],"product_cat":[167],"product_tag":[],"_links":{"self":[{"href":"https:\/\/celsonido123.com\/index.php\/wp-json\/wp\/v2\/product\/11730"}],"collection":[{"href":"https:\/\/celsonido123.com\/index.php\/wp-json\/wp\/v2\/product"}],"about":[{"href":"https:\/\/celsonido123.com\/index.php\/wp-json\/wp\/v2\/types\/product"}],"replies":[{"embeddable":true,"href":"https:\/\/celsonido123.com\/index.php\/wp-json\/wp\/v2\/comments?post=11730"}],"version-history":[{"count":1,"href":"https:\/\/celsonido123.com\/index.php\/wp-json\/wp\/v2\/product\/11730\/revisions"}],"predecessor-version":[{"id":11732,"href":"https:\/\/celsonido123.com\/index.php\/wp-json\/wp\/v2\/product\/11730\/revisions\/11732"}],"wp:featuredmedia":[{"embeddable":true,"href":"https:\/\/celsonido123.com\/index.php\/wp-json\/wp\/v2\/media\/11731"}],"wp:attachment":[{"href":"https:\/\/celsonido123.com\/index.php\/wp-json\/wp\/v2\/media?parent=11730"}],"wp:term":[{"taxonomy":"product_cat","embeddable":true,"href":"https:\/\/celsonido123.com\/index.php\/wp-json\/wp\/v2\/product_cat?post=11730"},{"taxonomy":"product_tag","embeddable":true,"href":"https:\/\/celsonido123.com\/index.php\/wp-json\/wp\/v2\/product_tag?post=11730"}],"curies":[{"name":"wp","href":"https:\/\/api.w.org\/{rel}","templated":true}]}}