{"id":11740,"date":"2025-05-22T15:49:37","date_gmt":"2025-05-22T15:49:37","guid":{"rendered":"https:\/\/celsonido123.com\/?post_type=product&#038;p=11740"},"modified":"2025-05-22T15:49:37","modified_gmt":"2025-05-22T15:49:37","slug":"plancha-sanduchera-oster-4-puestos","status":"publish","type":"product","link":"https:\/\/celsonido123.com\/index.php\/product\/plancha-sanduchera-oster-4-puestos\/","title":{"rendered":"Plancha Sanduchera Oster 4 Puestos"},"content":{"rendered":"<p>Una sandwichera m\u00e1s que completa con la que podr\u00e1s preparar no s\u00f3lo s\u00e1ndwiches sino tambi\u00e9n waffles, o cocinar alimentos como carnes y vegetales, pudiendo abrirse completamente para usar como parrilla. La altura es regulable, de acuerdo al grosor de lo que quieras elaborar. Adem\u00e1s, las superficies de cocci\u00f3n son removibles para que la limpieza sea m\u00e1s f\u00e1cil.<\/p>\n<ul>\n<li>Tres-en-uno: placas reversibles para preparar waffles, dorar s\u00e1ndwiches o cocinar alimentos.<\/li>\n<li>Control variable que te permite seleccionar la temperatura adecuada para cocinar.<\/li>\n<li>Superficies de cocci\u00f3n con recubrimiento antiadherente Altura regulable para preparar comidas de cualquier grosor.<\/li>\n<li>Se abre completamente para cocinar a la parrilla.<\/li>\n<li>Superficies de cocci\u00f3n removibles.<\/li>\n<li>Asas y base fr\u00edas al tacto.<\/li>\n<\/ul>\n","protected":false},"excerpt":{"rendered":"<p>Una sandwichera m\u00e1s que completa con la que podr\u00e1s preparar no s\u00f3lo s\u00e1ndwiches sino tambi\u00e9n waffles, o cocinar alimentos como<\/p>\n","protected":false},"featured_media":11741,"comment_status":"open","ping_status":"closed","template":"","meta":[],"product_cat":[167],"product_tag":[],"_links":{"self":[{"href":"https:\/\/celsonido123.com\/index.php\/wp-json\/wp\/v2\/product\/11740"}],"collection":[{"href":"https:\/\/celsonido123.com\/index.php\/wp-json\/wp\/v2\/product"}],"about":[{"href":"https:\/\/celsonido123.com\/index.php\/wp-json\/wp\/v2\/types\/product"}],"replies":[{"embeddable":true,"href":"https:\/\/celsonido123.com\/index.php\/wp-json\/wp\/v2\/comments?post=11740"}],"version-history":[{"count":1,"href":"https:\/\/celsonido123.com\/index.php\/wp-json\/wp\/v2\/product\/11740\/revisions"}],"predecessor-version":[{"id":11742,"href":"https:\/\/celsonido123.com\/index.php\/wp-json\/wp\/v2\/product\/11740\/revisions\/11742"}],"wp:featuredmedia":[{"embeddable":true,"href":"https:\/\/celsonido123.com\/index.php\/wp-json\/wp\/v2\/media\/11741"}],"wp:attachment":[{"href":"https:\/\/celsonido123.com\/index.php\/wp-json\/wp\/v2\/media?parent=11740"}],"wp:term":[{"taxonomy":"product_cat","embeddable":true,"href":"https:\/\/celsonido123.com\/index.php\/wp-json\/wp\/v2\/product_cat?post=11740"},{"taxonomy":"product_tag","embeddable":true,"href":"https:\/\/celsonido123.com\/index.php\/wp-json\/wp\/v2\/product_tag?post=11740"}],"curies":[{"name":"wp","href":"https:\/\/api.w.org\/{rel}","templated":true}]}}