{"id":11763,"date":"2025-05-22T18:05:22","date_gmt":"2025-05-22T18:05:22","guid":{"rendered":"https:\/\/celsonido123.com\/?post_type=product&#038;p=11763"},"modified":"2025-05-22T18:05:22","modified_gmt":"2025-05-22T18:05:22","slug":"diadema-alambrica-gamer-kalley","status":"publish","type":"product","link":"https:\/\/celsonido123.com\/index.php\/product\/diadema-alambrica-gamer-kalley\/","title":{"rendered":"Diadema Alambrica Gamer Kalley"},"content":{"rendered":"<div class=\"new-container__about__container\">\n<div class=\"new-container__titles\">\n<h2 class=\"js-subtitle-pdp\">Especificaciones destacadas<\/h2>\n<\/div>\n<ul class=\"tab-details__keyFeatures--list\">\n<li class=\"tab-details__keyFeatures--item\">Almohadillas suaves y c\u00f3modas.<\/li>\n<li class=\"tab-details__keyFeatures--item\">Compatible: pc, port\u00e1til, consola, smartphone.<\/li>\n<li class=\"tab-details__keyFeatures--item\">Diadema y Micr\u00f3fono ajustable, con control de volumen y bot\u00f3n para silenciar.<\/li>\n<li class=\"tab-details__keyFeatures--item\">Reducen el sonido del exterior.<\/li>\n<li class=\"tab-details__keyFeatures--item\">Incluye adaptador de audio 1 a 2, 3.5mm + USB. (Cable 2m)<\/li>\n<\/ul>\n<\/div>\n<div class=\"new-container__about__container\">\n<div class=\"new-container__titles\">\n<h2 class=\"js-subtitle-pdp new-container__titles\">Descripci\u00f3n del producto<\/h2>\n<\/div>\n<div class=\"tab-details__description\">No importa d\u00f3nde juegues, los Aud\u00edfonos Gaming K-KGA1 de Kalley son el accesorio perfecto para que lleves tus juegos favoritos a otro nivel. Altavoces de 50mm, Over Ear, para mayor comodidad y as\u00ed evitar fatiga. Pr\u00e1cticos controles integrados en el cable, que le permiten ajustar el volumen sin interrumpir su racha ganadora.\u00a0Adem\u00e1s, puedes mantenerte en contacto con tus compa\u00f1eros de equipo en el campo de batalla utilizando el micr\u00f3fono integrado, que es perfecto para elaborar estrategias cuando est\u00e1s en movimiento. Ilumina tus juegos con los efectos de luz LED. \u00a1El producto perfecto para acompa\u00f1arte en tus batallas!<\/div>\n<\/div>\n","protected":false},"excerpt":{"rendered":"<p>Especificaciones destacadas Almohadillas suaves y c\u00f3modas. Compatible: pc, port\u00e1til, consola, smartphone. Diadema y Micr\u00f3fono ajustable, con control de volumen y<\/p>\n","protected":false},"featured_media":11765,"comment_status":"open","ping_status":"closed","template":"","meta":[],"product_cat":[83],"product_tag":[],"_links":{"self":[{"href":"https:\/\/celsonido123.com\/index.php\/wp-json\/wp\/v2\/product\/11763"}],"collection":[{"href":"https:\/\/celsonido123.com\/index.php\/wp-json\/wp\/v2\/product"}],"about":[{"href":"https:\/\/celsonido123.com\/index.php\/wp-json\/wp\/v2\/types\/product"}],"replies":[{"embeddable":true,"href":"https:\/\/celsonido123.com\/index.php\/wp-json\/wp\/v2\/comments?post=11763"}],"version-history":[{"count":1,"href":"https:\/\/celsonido123.com\/index.php\/wp-json\/wp\/v2\/product\/11763\/revisions"}],"predecessor-version":[{"id":11766,"href":"https:\/\/celsonido123.com\/index.php\/wp-json\/wp\/v2\/product\/11763\/revisions\/11766"}],"wp:featuredmedia":[{"embeddable":true,"href":"https:\/\/celsonido123.com\/index.php\/wp-json\/wp\/v2\/media\/11765"}],"wp:attachment":[{"href":"https:\/\/celsonido123.com\/index.php\/wp-json\/wp\/v2\/media?parent=11763"}],"wp:term":[{"taxonomy":"product_cat","embeddable":true,"href":"https:\/\/celsonido123.com\/index.php\/wp-json\/wp\/v2\/product_cat?post=11763"},{"taxonomy":"product_tag","embeddable":true,"href":"https:\/\/celsonido123.com\/index.php\/wp-json\/wp\/v2\/product_tag?post=11763"}],"curies":[{"name":"wp","href":"https:\/\/api.w.org\/{rel}","templated":true}]}}