{"id":11784,"date":"2025-05-22T18:34:43","date_gmt":"2025-05-22T18:34:43","guid":{"rendered":"https:\/\/celsonido123.com\/?post_type=product&#038;p=11784"},"modified":"2025-05-22T18:34:43","modified_gmt":"2025-05-22T18:34:43","slug":"jbl-xtreme-4","status":"publish","type":"product","link":"https:\/\/celsonido123.com\/index.php\/product\/jbl-xtreme-4\/","title":{"rendered":"Jbl Xtreme 4"},"content":{"rendered":"<h4>\u00a1Es hora de vivir con volumen!<\/h4>\n<div class=\"spec-row\"><span class=\"spec-key -full\">\u00a1Es hora de vivir con volumen! El altavoz port\u00e1til JBL Xtreme 4 resistente al agua ofrece un sonido JBL Pro de \u00faltima generaci\u00f3n con una din\u00e1mica incre\u00edble, incluso a m\u00e1ximo volumen, gracias a sus dos potentes woofers y dos altavoces de agudos. Los radiadores pasivos JBL de doble bombeo te ofrecen unos graves m\u00e1s profundos. \u00bfQuieres llevar tu m\u00fasica al exterior? La pr\u00e1ctica correa para el hombro lo hace f\u00e1cil, mientras que los resistentes protectores de goma y la clasificaci\u00f3n IP67, resistencia al agua y al polvo hacen que un chaparr\u00f3n repentino o un chapuz\u00f3n en el lago no detengan la diversi\u00f3n.<\/span><\/div>\n<div><\/div>\n<div><span class=\"spec-key\">Potencia de salida<\/span><span class=\"spec-value\">2 x 30W RMS woofer + 2 x 20W RMS tweeter (AC power mode), 2 x 20W RMS woofer + 2 x 15W RMS tweeter (Battery mode)<\/span><\/div>\n<div><\/div>\n<div>\n<div class=\"spec-row\"><span class=\"spec-key\">Charging time (hrs)\u00a0 <\/span><span class=\"spec-value\">3.5<\/span><\/div>\n<div class=\"spec-row\"><span class=\"spec-key\">Tiempo de reproducci\u00f3n de musica <\/span><span class=\"spec-value\">24h<\/span><\/div>\n<\/div>\n<div><\/div>\n","protected":false},"excerpt":{"rendered":"<div><\/div>\n<div><\/div>\n","protected":false},"featured_media":11786,"comment_status":"open","ping_status":"closed","template":"","meta":[],"product_cat":[154],"product_tag":[],"_links":{"self":[{"href":"https:\/\/celsonido123.com\/index.php\/wp-json\/wp\/v2\/product\/11784"}],"collection":[{"href":"https:\/\/celsonido123.com\/index.php\/wp-json\/wp\/v2\/product"}],"about":[{"href":"https:\/\/celsonido123.com\/index.php\/wp-json\/wp\/v2\/types\/product"}],"replies":[{"embeddable":true,"href":"https:\/\/celsonido123.com\/index.php\/wp-json\/wp\/v2\/comments?post=11784"}],"version-history":[{"count":1,"href":"https:\/\/celsonido123.com\/index.php\/wp-json\/wp\/v2\/product\/11784\/revisions"}],"predecessor-version":[{"id":11788,"href":"https:\/\/celsonido123.com\/index.php\/wp-json\/wp\/v2\/product\/11784\/revisions\/11788"}],"wp:featuredmedia":[{"embeddable":true,"href":"https:\/\/celsonido123.com\/index.php\/wp-json\/wp\/v2\/media\/11786"}],"wp:attachment":[{"href":"https:\/\/celsonido123.com\/index.php\/wp-json\/wp\/v2\/media?parent=11784"}],"wp:term":[{"taxonomy":"product_cat","embeddable":true,"href":"https:\/\/celsonido123.com\/index.php\/wp-json\/wp\/v2\/product_cat?post=11784"},{"taxonomy":"product_tag","embeddable":true,"href":"https:\/\/celsonido123.com\/index.php\/wp-json\/wp\/v2\/product_tag?post=11784"}],"curies":[{"name":"wp","href":"https:\/\/api.w.org\/{rel}","templated":true}]}}