{"id":11793,"date":"2025-05-22T18:43:45","date_gmt":"2025-05-22T18:43:45","guid":{"rendered":"https:\/\/celsonido123.com\/?post_type=product&#038;p=11793"},"modified":"2025-05-22T18:43:45","modified_gmt":"2025-05-22T18:43:45","slug":"jbl-charge-6","status":"publish","type":"product","link":"https:\/\/celsonido123.com\/index.php\/product\/jbl-charge-6\/","title":{"rendered":"Jbl Charge 6"},"content":{"rendered":"<p>\u00bfC\u00f3mo mejora a\u00fan m\u00e1s el ya de por s\u00ed magn\u00edfico perfil de sonido de JBL Charge? Adem\u00e1s, contamos con algunos de los mejores ingenieros del sector que est\u00e1n retocando nuestro kit para ofrecer la reproducci\u00f3n de sonido m\u00e1s realista hasta la fecha. Los graves sorprendentemente completos y potentes y las frecuencias altas n\u00edtidas dan al Charge 6 una nueva raz\u00f3n para presumir de humildad.<\/p>\n<p>&nbsp;<\/p>\n<dl class=\"ds-specs\">\n<dt>El sonido Pro de JBL con AI Sound Boost<\/dt>\n<dt>Hasta 28 horas de reproducci\u00f3n<\/dt>\n<dt>Conexi\u00f3n de varios altavoces con Auracast\u2122<\/dt>\n<dt>Resistencia al polvo, al agua y las ca\u00eddas<\/dt>\n<dt>Correa de asa resistente<\/dt>\n<dt>Carga r\u00e1pida<\/dt>\n<dt>Banco de alimentaci\u00f3n integrado<\/dt>\n<dt>Reproducci\u00f3n de audio sin p\u00e9rdidas<\/dt>\n<dt>Aplicaci\u00f3n JBL Portable<\/dt>\n<dt>Hecho de pl\u00e1stico y tejidos reciclados, adem\u00e1s del embalaje de papel con certificaci\u00f3n FSC<\/dt>\n<\/dl>\n<h3>Caracter\u00edsticas Audio<\/h3>\n<dl class=\"ds-specs\">\n<dt>Transductores<\/dt>\n<dd>altavoz de graves de 53 x 93\u00a0mm, altavoz de agudos de 20\u00a0mm<\/dd>\n<dt>Potencia de salida<\/dt>\n<dd>altavoz de graves 30\u00a0W, altavoz de agudos 15\u00a0W RMS<\/dd>\n<dt>Potencia de entrada<\/p>\n<div class=\"ds-tooltip\" tabindex=\"0\">\n<div class=\"-pdp-specs\"><strong>Potencia de entrada<\/strong>\u00a05 &#8211; 20\u00a0V (5\u00a0V, 9\u00a0V, 12\u00a0V, 15\u00a0V, 20\u00a0V)<\/div>\n<\/div>\n<\/dt>\n<dd>Voltaje<\/dd>\n<dt>Actual<\/dt>\n<dd>3\u00a0A (m\u00e1x.)<\/dd>\n<dt>Respuesta de frecuencia<\/dt>\n<dd>56\u00a0Hz \u2013 20\u00a0kHz (-6\u00a0dB)<\/dd>\n<dt>Relaci\u00f3n se\u00f1al\/ruido<\/dt>\n<dd>&gt;80\u00a0dB<\/dd>\n<\/dl>\n","protected":false},"excerpt":{"rendered":"<p>\u00bfC\u00f3mo mejora a\u00fan m\u00e1s el ya de por s\u00ed magn\u00edfico perfil de sonido de JBL Charge? Adem\u00e1s, contamos con algunos<\/p>\n","protected":false},"featured_media":11794,"comment_status":"open","ping_status":"closed","template":"","meta":[],"product_cat":[154],"product_tag":[],"_links":{"self":[{"href":"https:\/\/celsonido123.com\/index.php\/wp-json\/wp\/v2\/product\/11793"}],"collection":[{"href":"https:\/\/celsonido123.com\/index.php\/wp-json\/wp\/v2\/product"}],"about":[{"href":"https:\/\/celsonido123.com\/index.php\/wp-json\/wp\/v2\/types\/product"}],"replies":[{"embeddable":true,"href":"https:\/\/celsonido123.com\/index.php\/wp-json\/wp\/v2\/comments?post=11793"}],"version-history":[{"count":1,"href":"https:\/\/celsonido123.com\/index.php\/wp-json\/wp\/v2\/product\/11793\/revisions"}],"predecessor-version":[{"id":11796,"href":"https:\/\/celsonido123.com\/index.php\/wp-json\/wp\/v2\/product\/11793\/revisions\/11796"}],"wp:featuredmedia":[{"embeddable":true,"href":"https:\/\/celsonido123.com\/index.php\/wp-json\/wp\/v2\/media\/11794"}],"wp:attachment":[{"href":"https:\/\/celsonido123.com\/index.php\/wp-json\/wp\/v2\/media?parent=11793"}],"wp:term":[{"taxonomy":"product_cat","embeddable":true,"href":"https:\/\/celsonido123.com\/index.php\/wp-json\/wp\/v2\/product_cat?post=11793"},{"taxonomy":"product_tag","embeddable":true,"href":"https:\/\/celsonido123.com\/index.php\/wp-json\/wp\/v2\/product_tag?post=11793"}],"curies":[{"name":"wp","href":"https:\/\/api.w.org\/{rel}","templated":true}]}}