{"id":11823,"date":"2025-05-23T18:42:29","date_gmt":"2025-05-23T18:42:29","guid":{"rendered":"https:\/\/celsonido123.com\/?post_type=product&#038;p=11823"},"modified":"2025-05-23T18:42:29","modified_gmt":"2025-05-23T18:42:29","slug":"jbl-weambeam-2","status":"publish","type":"product","link":"https:\/\/celsonido123.com\/index.php\/product\/jbl-weambeam-2\/","title":{"rendered":"Jbl WeamBeam 2"},"content":{"rendered":"<p>El sonido de calidad es ahora m\u00e1s f\u00e1cil y divertido. Los auriculares JBL Wave Beam 2 incorporan el emocionante sonido JBL Pure Bass, adem\u00e1s de cancelaci\u00f3n de ruido activa y tecnolog\u00eda Smart Ambient para que decidas qu\u00e9 parte del mundo exterior no quieres que se te escape. Haz llamadas n\u00edtidas y claras sin manos con solo tocar los auriculares. Utiliza la aplicaci\u00f3n JBL Headphones para personalizar el sonido y el idioma de los mensajes de voz. Con\u00e9ctate sin problemas con hasta 8 dispositivos Bluetooth\u00ae y cambia sin esfuerzo de uno a otro. Y con hasta 40\u00a0horas* de reproducci\u00f3n, son un compa\u00f1ero de sonido para el d\u00eda a d\u00eda<\/p>\n<p>&nbsp;<\/p>\n<p>&nbsp;<\/p>\n","protected":false},"excerpt":{"rendered":"<p>El sonido de calidad es ahora m\u00e1s f\u00e1cil y divertido. Los auriculares JBL Wave Beam 2 incorporan el emocionante sonido<\/p>\n","protected":false},"featured_media":11824,"comment_status":"open","ping_status":"closed","template":"","meta":[],"product_cat":[83],"product_tag":[],"_links":{"self":[{"href":"https:\/\/celsonido123.com\/index.php\/wp-json\/wp\/v2\/product\/11823"}],"collection":[{"href":"https:\/\/celsonido123.com\/index.php\/wp-json\/wp\/v2\/product"}],"about":[{"href":"https:\/\/celsonido123.com\/index.php\/wp-json\/wp\/v2\/types\/product"}],"replies":[{"embeddable":true,"href":"https:\/\/celsonido123.com\/index.php\/wp-json\/wp\/v2\/comments?post=11823"}],"version-history":[{"count":1,"href":"https:\/\/celsonido123.com\/index.php\/wp-json\/wp\/v2\/product\/11823\/revisions"}],"predecessor-version":[{"id":11825,"href":"https:\/\/celsonido123.com\/index.php\/wp-json\/wp\/v2\/product\/11823\/revisions\/11825"}],"wp:featuredmedia":[{"embeddable":true,"href":"https:\/\/celsonido123.com\/index.php\/wp-json\/wp\/v2\/media\/11824"}],"wp:attachment":[{"href":"https:\/\/celsonido123.com\/index.php\/wp-json\/wp\/v2\/media?parent=11823"}],"wp:term":[{"taxonomy":"product_cat","embeddable":true,"href":"https:\/\/celsonido123.com\/index.php\/wp-json\/wp\/v2\/product_cat?post=11823"},{"taxonomy":"product_tag","embeddable":true,"href":"https:\/\/celsonido123.com\/index.php\/wp-json\/wp\/v2\/product_tag?post=11823"}],"curies":[{"name":"wp","href":"https:\/\/api.w.org\/{rel}","templated":true}]}}