{"id":11847,"date":"2025-05-23T19:11:50","date_gmt":"2025-05-23T19:11:50","guid":{"rendered":"https:\/\/celsonido123.com\/?post_type=product&#038;p=11847"},"modified":"2025-05-23T19:11:50","modified_gmt":"2025-05-23T19:11:50","slug":"xiaomi-redmi-buds-6-play","status":"publish","type":"product","link":"https:\/\/celsonido123.com\/index.php\/product\/xiaomi-redmi-buds-6-play\/","title":{"rendered":"Xiaomi Redmi Buds 6 Play"},"content":{"rendered":"<p>Xiaomi Redmi Buds 6 Play, auriculares bluetooth muy ligeros que cuentan con un\u00a0sonido potente, ofrecen llamadas claras con reducci\u00f3n de ruido por IA, 5 ajustes de ecualizaciones con la APP y que ofrece un tiempo de uso de\u00a0hasta 36 horas. Todo ello contando con\u00a0carga r\u00e1pida.<\/p>\n<p>Permite tambi\u00e9n hacer llamadas gracias a sus\u00a0micr\u00f3fonos incorporados\u00a0y su\u00a0algoritmo de voz de IA\u00a0que permite tener una reducci\u00f3n de ruido ENC. Este algoritmo distingue con precisi\u00f3n entre la voz humana y el ruido ambiental, reduciendo este \u00faltimo incluso en entornos ruidosos.<\/p>\n","protected":false},"excerpt":{"rendered":"<p>Xiaomi Redmi Buds 6 Play, auriculares bluetooth muy ligeros que cuentan con un\u00a0sonido potente, ofrecen llamadas claras con reducci\u00f3n de<\/p>\n","protected":false},"featured_media":11848,"comment_status":"open","ping_status":"closed","template":"","meta":[],"product_cat":[83],"product_tag":[],"_links":{"self":[{"href":"https:\/\/celsonido123.com\/index.php\/wp-json\/wp\/v2\/product\/11847"}],"collection":[{"href":"https:\/\/celsonido123.com\/index.php\/wp-json\/wp\/v2\/product"}],"about":[{"href":"https:\/\/celsonido123.com\/index.php\/wp-json\/wp\/v2\/types\/product"}],"replies":[{"embeddable":true,"href":"https:\/\/celsonido123.com\/index.php\/wp-json\/wp\/v2\/comments?post=11847"}],"version-history":[{"count":1,"href":"https:\/\/celsonido123.com\/index.php\/wp-json\/wp\/v2\/product\/11847\/revisions"}],"predecessor-version":[{"id":11851,"href":"https:\/\/celsonido123.com\/index.php\/wp-json\/wp\/v2\/product\/11847\/revisions\/11851"}],"wp:featuredmedia":[{"embeddable":true,"href":"https:\/\/celsonido123.com\/index.php\/wp-json\/wp\/v2\/media\/11848"}],"wp:attachment":[{"href":"https:\/\/celsonido123.com\/index.php\/wp-json\/wp\/v2\/media?parent=11847"}],"wp:term":[{"taxonomy":"product_cat","embeddable":true,"href":"https:\/\/celsonido123.com\/index.php\/wp-json\/wp\/v2\/product_cat?post=11847"},{"taxonomy":"product_tag","embeddable":true,"href":"https:\/\/celsonido123.com\/index.php\/wp-json\/wp\/v2\/product_tag?post=11847"}],"curies":[{"name":"wp","href":"https:\/\/api.w.org\/{rel}","templated":true}]}}